2*n = 0. Let x be (n*3/(-9))/(9/3). Let j(r) = -r + 2. What is j(x)?
2
Let f(y) = -8 + 6 - 9*y + 25 + 0*y**2 - y**2. What is f(-11)?
1
Let b = 25 + -37. Let v be b/9 - (-10)/(-15). Let x(u) = -5*u - 3. Calculate x(v).
7
Let q(v) be the second derivative of 1/6*v**3 - 14*v + v**2 + 0 + 1/12*v**4. What is q(-2)?
4
Let l(q) = 2*q - 4708*q**2 + 2353*q**2 + q**3 - 38 - q + 2354*q**2. What is l(0)?
-38
Suppose 2*u + 10 = -3*u - 5*j, -4*u = 2*j. Let s(g) = 0 + 0*g + 3 + 11*g + u + g**2. Calculate s(-5).
-25
Suppose 5*l = 51 - 11. Let i(h) be the second derivative of -h**5/20 + 7*h**4/12 + 7*h**3/6 + 5*h**2 + h - 893. Give i(l).
2
Suppose -n = d + 3, 6*d - d - 25 = 3*n. Suppose -2*g = -g + y, 4*y = -d*g - 2. Let o(z) = -2 - 2*z**2 + 0 + g - 3*z**3 + 2*z. Determine o(1).
-4
Let u be ((-1 + 1 - 2) + 2)/1. Let m(x) = 0 + u - x - 2 + 1. Determine m(-6).
5
Let d(u) = -7 - 4*u**2 - 12*u + 2*u**2 + 12*u**2 + 2*u**3 + 3*u**3 - 4*u**3. Give d(-11).
4
Let x(p) be the third derivative of -p**5/20 - p**4/8 + 2*p**3/3 + p**2 + 103*p. What is x(2)?
-14
Let i be (0/(1 - -3))/(-1). Let o(y) = -5*y**3 + 3*y**2 - 8*y - 32. Let f(h) = -2*h**3 + h**2 - 3*h - 11. Let m(n) = -8*f(n) + 3*o(n). What is m(i)?
-8
Let l(w) = w + 21. Let s be l(11). Let f(p) = 27*p**2 - 12*p + 11*p - s*p**2. Give f(-2).
-18
Let i(q) = -q**3 - 4*q**2 + q - 3. Let y = -316 + 311. Calculate i(y).
17
Let p(a) = -4*a + 1. Let r(q) be the first derivative of -q**4/4 + 9*q**3 - q**2/2 + 26*q - 35. Let k be r(27). What is p(k)?
5
Let o(p) = -20*p - 4 - 29*p + 43*p. Calculate o(-1).
2
Let o be ((-24)/(-9) - 3)/(3/(-54)). Let g(t) = -t**2 + 3*t - 4. Give g(o).
-22
Let w(s) = s + 3. Let k = 28 + -10. Let c be (0 + 1)/(1/(-21)). Let t = c + k. Give w(t).
0
Suppose 5*y + 4*h - 30 = 0, 2*y - 5 = -5*h + 7. Let j(u) be the first derivative of -u**3/3 + 7*u**2/2 - 8*u + 152. Give j(y).
-2
Let d(u) = 5*u - 2 + 4 - u**2 - 4*u. Let b be 41/(-5) - 81/(-405) - -11. What is d(b)?
-4
Let f(n) = 2*n**2 + 39*n + 35. Let m(a) = 4*a**2 + 79*a + 70. Let p(x) = 13*f(x) - 6*m(x). What is p(-15)?
-10
Let x(j) = j**2 + 4*j - 1. Suppose g - 9 = v - 4*g, -g = 5*v + 19. Let n be x(v). Let d(y) = -7*y**2 - 2*y - 1. Give d(n).
-6
Let a(k) be the third derivative of k**4/24 + 5*k**3/6 - 5*k**2. Suppose 0*b = b + 4. Give a(b).
1
Suppose 4*s + 1 = -11. Let p(c) be the second derivative of c**5/60 + c**4/6 + c**3/6 + 5*c**2/2 + c. Let w(a) be the first derivative of p(a). Determine w(s).
-2
Let z(q) = -q**3 + 4*q**2 + 5*q - 6. Let y = 86 - 61. Suppose y*j - 20*j = 25. What is z(j)?
-6
Let h(s) = -s**3 - 2*s - 1. Let u be h(-1). Suppose u*o = -0*o + 4. Let b(g) = -2 - g + 0 - g**2 + 2*g**o. What is b(0)?
-2
Suppose -6*s - 287 = 35*s. Let t(r) = 2*r - 3. Calculate t(s).
-17
Suppose -4 = 8*u - 4. Let g(v) = 16*v + 39. Let i(a) = 6*a - 2*a - a + 11 - 3. Let q(b) = 2*g(b) - 11*i(b). Give q(u).
-10
Let r(j) = j**3 + 10*j**2 + 10*j + 9. Suppose 7*p = 6*p + 2*q - 6, 0 = 4*q + 4. Calculate r(p).
57
Let d(k) = -2*k**3 + 4*k**2 + 10*k - 9. Let n(p) = -p**3 - p**2 + p - 1. Let c = 61 + -60. Let q(i) = c*d(i) - 3*n(i). What is q(-6)?
-12
Let o(a) = 4*a**2 - 6*a - 7 - 7*a + 6*a + a**3 + a. Calculate o(-5).
-2
Let h(x) = x + 8. Let z be h(7). Suppose u = -4*u + z. Let p(q) = -9*q**2 + q + 2 + 13*q**2 - q**3 + u*q. Calculate p(5).
-3
Let p(s) = -3*s - 1. Let z be 80/(-24) - (-6)/(-9). Give p(z).
11
Let w = 6 + -8. Let b(r) be the third derivative of 0*r - 1/2*r**3 + 3*r**2 - 5/24*r**4 + 0. Calculate b(w).
7
Let d(y) = 164 + 163 - 2*y + 168 - 500. Let j be -1 - (-1 + (4 - -1)). What is d(j)?
5
Let d(t) = -10*t - 25. Let w(l) = 7*l + 16. Let f(r) = -5*d(r) - 7*w(r). Calculate f(-8).
5
Let x(j) = 6*j - 1. Let k(z) = -5*z + 13 + 4*z**2 + 8*z**2 - 13*z**2. Let h be k(-7). Calculate x(h).
-7
Let n(k) = 2*k - 2 - 18*k**3 - 2 - 2*k**2 + 1 + 17*k**3 + 4. Give n(2).
-11
Let h = 0 + 0. Let j(g) be the third derivative of -g**4/24 + 7*g**3/6 + 1582*g**2. What is j(h)?
7
Let a(v) = -2*v + 8. Let t be a(7). Let d(r) = -4*r + r**3 - 625*r**2 + 630*r**2 + 0*r**3 + 6. Calculate d(t).
-6
Let r be 6*44/(-8) + 3. Let c(i) = 8*i. Let h be c(1). Let u be h/60 - (-94)/r. Let a(k) = k**3 + k**2 - 2*k - 2. Determine a(u).
-14
Suppose 130*s - 7*s = -246. Let c(m) = -8*m - 13. Calculate c(s).
3
Suppose 18*x + 0*x + 108 = 0. Let n(b) = 2*b**2 + 12*b + 9. What is n(x)?
9
Let g = -979 - -999. Let i(t) = t**3 - 19*t**2 - 20*t + 2. What is i(g)?
2
Let a(j) be the third derivative of j**4/24 - 8*j**3/3 + 2*j**2 + 119. Calculate a(0).
-16
Let k(r) be the third derivative of 0*r + 0 + 15*r**2 - 5/6*r**3 - 1/12*r**4 + 1/60*r**5. What is k(5)?
10
Suppose 0 = 16*b - 20*b + 8. Let l(v) = 11*v**2 - 2*v - 3 - 4*v**2 - 4*v**2 - 4*v**b. What is l(-2)?
-3
Let o(f) = f**3 + 2*f**2 + f + 1. Let q(i) = -4*i**3 - 7*i**2 - i - 3. Let t(h) = -3*o(h) - q(h). What is t(-2)?
0
Let c(f) = f**3 + f**2 - 2*f - 27. Let a be c(0). Let o = a + 24. Let j(b) = 3*b. What is j(o)?
-9
Let w(u) = u**3 - u**2 - u - 2. Let j = 842 - 839. What is w(j)?
13
Let m(n) = n**2 - 3*n + 9. Let h(v) = -7*v**2 + v - 7. Let u(k) = 20*k**2 - 3*k + 20. Let r(i) = -17*h(i) - 6*u(i). Let x(z) = -m(z) - 2*r(z). What is x(-5)?
13
Let v(a) = a**3 - 2*a**2 + 3*a + 3. Let z be v(-1). Let j(h) = -h**3 - 3*h**2 + 2*h + 4. Determine j(z).
-2
Suppose -5*s + 20 = -s. Suppose 0*d = -s*d - j + 24, -j = 4*d - 19. Let v(x) = -9 - d*x + 2*x + x + 4*x. Give v(6).
3
Let j = 109 + -166. Let p = -50 - j. Let h(n) = -n**3 + 7*n**2 + n - 8. Calculate h(p).
-1
Suppose 4*r = -19 - 5. Let v be r*8/(-12) + 0. Let j(h) = -h**2 + 4*h - 3. What is j(v)?
-3
Let r be 1*3/((-12)/(-8)). Suppose -3*x + 4*q + r = -20, 4*q + 8 = -4*x. Let y(l) = 15 - 2*l + 4*l - 10 - 7 - l**3 + 2*l**2. Give y(x).
2
Let z be 3/(-9)*(-3 + 0). Let d be (z - 2) + -2 + 3. Suppose -2*c + d*c = 0. Let q(b) = -b + 4. Calculate q(c).
4
Let q(i) = -4 + 43*i + 2 - 27*i - 7*i. Give q(3).
25
Suppose 12 = -3*t - 12. Let q be t + -2*(-3)/(-2). Let k(o) = o + 12. Give k(q).
1
Let z(t) = 4 - 5*t + 9 - 28 + 14. Give z(1).
-6
Let h(w) = -w**3 + 2*w**2 - w + 11. Let l be h(0). Let v(p) = p**2 - 10*p - 20. Give v(l).
-9
Let t = -15 - -15. Let f = 9 + t. Let n be f*(3 - 20/6). Let i(p) = p**3 + 3*p**2 + p - 1. Calculate i(n).
-4
Let l(u) = -u**3 - 6*u**2 - 5*u - 3. Suppose -4*n + 2*r + 26 = -8, -2*n = 5*r + 1. Let z = 60 + -58. Suppose 3 = -z*p - n. Calculate l(p).
-3
Let y(q) = -q**3 + 2*q**2 + q. Let u(c) be the first derivative of -c**3/3 + 32. Let v(n) = -6*u(n) - 2*y(n). What is v(-2)?
-4
Let q(g) = -43*g + 263. Let o be q(6). Let n(j) = -6*j - 10. Determine n(o).
-40
Let p(s) = -2*s - 7. Let d be p(-5). Suppose 0 = -5*n, 2*n + 3 = o - 1. Let q(r) = 5*r**2 - 2*r**3 - 3 - r**3 + o*r**d + 1. Give q(-5).
-2
Let m(s) be the first derivative of -1/2*s**2 - 8*s - 3. Calculate m(-6).
-2
Let l(f) be the first derivative of -2*f**3/3 + 3*f**2 - f + 59. Let c(k) = k - 2. Let o be c(6). What is l(o)?
-9
Let i = 7 - 5. Let r(c) = i*c - 1 + 0*c - 3*c + 2*c. Let z be 2 - (-3)/(-6)*10. Give r(z).
-4
Let d = -32 + 34. Let j(b) = 1 + 3*b**2 + b**3 - 2 + 6*b**d - 6*b**2 - 2*b. Let p = -4 + 2. Calculate j(p).
7
Let a = -20 - -22. Suppose -6*u = -j - 2*u + 3, 0 = 4*j + a*u + 6. Let z(p) = -12*p - 1. What is z(j)?
11
Let i be 2*-1 - 135/45 - -2. Let a(b) = 3*b + 2. Determine a(i).
-7
Let q be 9/27 - (-2)/3. Let r(h) = -11*h + 26*h - q - 16*h. Let c(i) = i + 11. Let t be c(-6). What is r(t)?
-6
Let u(z) = 2*z**2 + 21*z + 17. Let h be u(-10). Let j(m) = -m**3 + 8*m**2 - 7*m - 3. Give j(h).
-3
Let l be (-1*4)/(19/(-76)). Let w be (-31 + l)*(-3)/5. Let g(q) = q**3 - 9*q**2 - q + 7. Calculate g(w).
-2
Let l = -2 + 3. Let t be -1 + (-1)/((-5)/75). Let u(p) = t*p - 7*p - 8*p - 14*p**2 + 2*p**2. What is u(l)?
-13
Suppose 12 = -0*w + 3*w. Let u(k) = -22 + 32 - w*k**2 - 3*k - 13. Determine u(-2).
-13
Let a = -12 - -17. Let b = -103 + 111. Let n(g) = 13 - 2 - g - b. Determine n(a).
-2
Let x(v) be the third derivative of -1/120*v**6 - 1/4*v**4 - 2/15*v**5 + 0*v**3 + 0 + 14*v**2 + 0*v. Calculate x(-7).
-7
Let t(n) be the second derivative of -n**5/20 - 17*n**4/12 - n**3/3 - 13*n**2/2 - 724*n. Determine t(-17).
21
Let p = 7 + -2. Suppose -p*y - 3 = 5*w + 2, -4*y - w = 7. Let a be (y/(-4)*-2)/(-1). Let t(v) = -v. Give t(a).
-1
Let 